{"id":92,"date":"2019-05-14T14:47:48","date_gmt":"2019-05-14T12:47:48","guid":{"rendered":"https:\/\/openrgpd.fr\/?page_id=92"},"modified":"2020-10-06T16:51:37","modified_gmt":"2020-10-06T14:51:37","slug":"boite-a-outils","status":"publish","type":"page","link":"https:\/\/openrgpd.fr\/index.php\/boite-a-outils\/","title":{"rendered":""},"content":{"rendered":"\n<figure class=\"wp-block-image\"><img decoding=\"async\" loading=\"lazy\" width=\"974\" height=\"195\" src=\"https:\/\/openrgpd.fr\/wp-content\/uploads\/2019\/08\/Capture-4.png\" alt=\"\" class=\"wp-image-346\" srcset=\"https:\/\/openrgpd.fr\/wp-content\/uploads\/2019\/08\/Capture-4.png 974w, https:\/\/openrgpd.fr\/wp-content\/uploads\/2019\/08\/Capture-4-300x60.png 300w, https:\/\/openrgpd.fr\/wp-content\/uploads\/2019\/08\/Capture-4-768x154.png 768w\" sizes=\"(max-width: 974px) 100vw, 974px\" \/><\/figure>\n\n\n\n<h3 style=\"text-align: center;\"><strong>Le guide de sensibilisation au RGPD des collectivit\u00e9s territoriales de la CNIL <br \/><\/strong><\/h3>\n\n\n\n<hr class=\"wp-block-separator\"\/>\n\n\n\n<div class=\"wp-block-button aligncenter\"><a class=\"wp-block-button__link has-text-color has-very-dark-gray-color has-background has-very-light-gray-background-color\" href=\"https:\/\/www.cnil.fr\/fr\/sites\/default\/files\/atoms\/files\/cnil-guide-collectivite-territoriale.pdf\">Guide CNIL<\/a><\/div>\n\n\n\n<h3 class=\"has-text-align-center\"><span style=\"color:#ff6900\" class=\"tadv-color\"><strong>Le jeu s\u00e9rieux :<\/strong><\/span><span style=\"color:#ff6900\" class=\"tadv-color\"><\/span><\/h3>\n\n\n\n<div class=\"wp-block-button aligncenter\"><a class=\"wp-block-button__link has-text-color has-very-dark-gray-color has-background has-very-light-gray-background-color\" href=\"https:\/\/openrgpd.fr\/wp-content\/uploads\/2019\/07\/RGPDGAME.zip\">RGPD GAME<\/a><\/div>\n\n\n\n<hr class=\"wp-block-separator\"\/>\n\n\n\n<h3 class=\"has-text-align-center\"><span style=\"color:#ff6900\" class=\"tadv-color\"><strong>Les aides m\u00e9thodologiques :<\/strong><\/span><\/h3>\n\n\n\n<div class=\"wp-block-button aligncenter\"><a class=\"wp-block-button__link has-text-color has-very-dark-gray-color has-background has-very-light-gray-background-color\" href=\"https:\/\/www.megalis.bretagne.bzh\/jcms\/mw_20589\/kit-rgpd\">Le Kit M\u00e9thodologique M\u00e9galis Bretagne<\/a><\/div>\n\n\n\n<div class=\"wp-block-button aligncenter\"><a class=\"wp-block-button__link has-text-color has-very-dark-gray-color has-background has-very-light-gray-background-color\" href=\"https:\/\/www.cnil.fr\/fr\/sites\/default\/files\/atoms\/files\/liste_pia_avec_exemples.pdf\">Le tableau des PIA de la CNIL<\/a><\/div>\n\n\n\n<hr class=\"wp-block-separator\"\/>\n\n\n\n<h3 class=\"has-text-align-center\"><span style=\"color:#ff6900\" class=\"tadv-color\"><strong>Les outils :<\/strong><\/span><\/h3>\n\n\n\n<div class=\"wp-block-button aligncenter is-style-default\"><a class=\"wp-block-button__link has-text-color has-very-dark-gray-color has-background has-very-light-gray-background-color\" href=\"https:\/\/www.cnil.fr\/fr\/outil-pia-telechargez-et-installez-le-logiciel-de-la-cnil\">Le logiciel PIA de la CNIL<\/a><\/div>\n\n\n\n<hr class=\"wp-block-separator\"\/>\n\n\n\n<h3 class=\"has-text-align-center\"><strong><span style=\"color:#ff6900\" class=\"tadv-color\">Les formations :<\/span><\/strong><\/h3>\n\n\n\n<div class=\"wp-block-button aligncenter is-style-default\"><a class=\"wp-block-button__link has-text-color has-very-dark-gray-color has-background has-very-light-gray-background-color\" href=\"https:\/\/atelier-rgpd.cnil.fr\">Le MOOC de la CNIL<\/a><\/div>\n\n\n\n<hr class=\"wp-block-separator\"\/>\n\n\n\n<h3 class=\"has-text-align-center\"><strong><span style=\"color:#ff6900\" class=\"tadv-color\">Les supports de pr\u00e9sentation :<\/span><\/strong><\/h3>\n\n\n\n<div class=\"wp-block-button aligncenter\"><a class=\"wp-block-button__link has-text-color has-very-dark-gray-color has-background has-very-light-gray-background-color\" href=\"https:\/\/openrgpd.fr\/wp-content\/uploads\/2019\/05\/Pr\u00e9sentation-du-kit-RGPD-5.pptx\">Support de pr\u00e9sentation du Kit RGPD<\/a><\/div>\n\n\n\n<hr class=\"wp-block-separator\"\/>\n\n\n\n<h3 class=\"has-text-align-center\"><strong><span style=\"color:#ff6900\" class=\"tadv-color\">Les liens utiles :<\/span><\/strong><\/h3>\n\n\n\n<p>\u2022 Liste des sanctions europ\u00e9ennes depuis l&rsquo;entr\u00e9e en vigueur du RGPD : <a href=\"http:\/\/www.enforcementtracker.com\/\">http:\/\/www.enforcementtracker.com\/<\/a><a href=\"http:\/\/www.enforcementtracker.com\/\"><\/a><\/p>\n\n\n\n<p>\u2022 Lien vers le site de l&rsquo;ANSSI : <a href=\"https:\/\/www.ssi.gouv.fr\/\">https:\/\/www.ssi.gouv.fr\/<\/a><\/p>\n\n\n\n<p>\u2022 Lien vers le Site de la CNIL : <a href=\"https:\/\/www.cnil.fr\/professionnel\">https:\/\/www.cnil.fr\/professionnel<\/a><\/p>\n","protected":false},"excerpt":{"rendered":"<p>Le guide de sensibilisation au RGPD des collectivit\u00e9s territoriales de la CNIL Le jeu s\u00e9rieux : Les aides m\u00e9thodologiques : Les outils : Les formations : Les supports de pr\u00e9sentation : Les liens utiles : \u2022 Liste des sanctions europ\u00e9ennes depuis l&rsquo;entr\u00e9e en vigueur du RGPD : http:\/\/www.enforcementtracker.com\/ \u2022 Lien vers le site de l&rsquo;ANSSI [&hellip;]<\/p>\n","protected":false},"author":2,"featured_media":0,"parent":0,"menu_order":0,"comment_status":"closed","ping_status":"closed","template":"","meta":{"_bbp_topic_count":0,"_bbp_reply_count":0,"_bbp_total_topic_count":0,"_bbp_total_reply_count":0,"_bbp_voice_count":0,"_bbp_anonymous_reply_count":0,"_bbp_topic_count_hidden":0,"_bbp_reply_count_hidden":0,"_bbp_forum_subforum_count":0},"_links":{"self":[{"href":"https:\/\/openrgpd.fr\/index.php\/wp-json\/wp\/v2\/pages\/92"}],"collection":[{"href":"https:\/\/openrgpd.fr\/index.php\/wp-json\/wp\/v2\/pages"}],"about":[{"href":"https:\/\/openrgpd.fr\/index.php\/wp-json\/wp\/v2\/types\/page"}],"author":[{"embeddable":true,"href":"https:\/\/openrgpd.fr\/index.php\/wp-json\/wp\/v2\/users\/2"}],"replies":[{"embeddable":true,"href":"https:\/\/openrgpd.fr\/index.php\/wp-json\/wp\/v2\/comments?post=92"}],"version-history":[{"count":43,"href":"https:\/\/openrgpd.fr\/index.php\/wp-json\/wp\/v2\/pages\/92\/revisions"}],"predecessor-version":[{"id":435,"href":"https:\/\/openrgpd.fr\/index.php\/wp-json\/wp\/v2\/pages\/92\/revisions\/435"}],"wp:attachment":[{"href":"https:\/\/openrgpd.fr\/index.php\/wp-json\/wp\/v2\/media?parent=92"}],"curies":[{"name":"wp","href":"https:\/\/api.w.org\/{rel}","templated":true}]}}